 of 128257904?
2, 19, 107, 3943
List the prime factors of 1175899728.
2, 3, 71, 345041
List the prime factors of 282296425.
5, 179, 199, 317
List the prime factors of 229211129.
7, 277, 118211
List the prime factors of 121089094.
2, 7, 29, 137, 311
List the prime factors of 2437829686.
2, 83, 14685721
What are the prime factors of 87925608?
2, 3, 461, 883
List the prime factors of 213458242.
2, 53, 2013757
List the prime factors of 57128154.
2, 3, 2437, 3907
What are the prime factors of 1084023007?
409, 1291, 2053
What are the prime factors of 85821188?
2, 23, 932839
List the prime factors of 124801120.
2, 5, 19, 61, 673
List the prime factors of 503189178.
2, 3, 83864863
List the prime factors of 33996074.
2, 7, 2428291
What are the prime factors of 96927989?
96927989
What are the prime factors of 1529064420?
2, 3, 5, 13, 1097, 1787
List the prime factors of 139756644.
2, 3, 613, 2111
What are the prime factors of 34302316?
2, 8575579
List the prime factors of 241470347.
241470347
List the prime factors of 351046361.
1847, 190063
List the prime factors of 46231173.
3, 23, 223339
What are the prime factors of 209617666?
2, 41, 331, 7723
What are the prime factors of 934896339?
3, 13, 614659
List the prime factors of 527826429.
3, 13, 31, 179, 271
What are the prime factors of 307843980?
2, 3, 5, 5130733
List the prime factors of 7505174769.
3, 2501724923
List the prime factors of 618149458.
2, 19, 16267091
What are the prime factors of 3176095175?
5, 11, 149, 77513
List the prime factors of 461575466.
2, 11, 17, 313, 3943
What are the prime factors of 1521318631?
7, 31047319
What are the prime factors of 63840271?
11, 5803661
What are the prime factors of 714780038?
2, 7, 19, 2687143
List the prime factors of 1091120696.
2, 163, 836749
List the prime factors of 4660525126.
2, 397, 5869679
List the prime factors of 382690256.
2, 13, 1839857
List the prime factors of 2682425159.
2682425159
What are the prime factors of 627164642?
2, 13, 24121717
List the prime factors of 18939429.
3, 2104381
List the prime factors of 62300381.
11, 13, 29, 83, 181
What are the prime factors of 151704310?
2, 5, 15170431
List the prime factors of 213850512.
2, 3, 853, 1741
List the prime factors of 145976279.
79, 229, 8069
What are the prime factors of 184993757?
13, 229, 62141
What are the prime factors of 835495432?
2, 101, 1034029
What are the prime factors of 145793037?
3, 13, 17, 97, 2267
What are the prime factors of 195028776?
2, 3, 23, 37, 1061
What are the prime factors of 53262367?
53262367
List the prime factors of 335047044.
2, 3, 27920587
What are the prime factors of 9189086?
2, 4594543
What are the prime factors of 984718101?
3, 97, 389, 8699
List the prime factors of 210317836.
2, 1747, 30097
What are the prime factors of 38689007?
7, 5527001
List the prime factors of 33085874.
2, 16542937
List the prime factors of 42096504.
2, 3, 41, 179, 239
List the prime factors of 1564272448.
2, 83, 294479
What are the prime factors of 2531719687?
7, 23, 31, 67, 113
List the prime factors of 359410397.
23, 15626539
List the prime factors of 2553238497.
3, 89, 9562691
List the prime factors of 4185480667.
29429, 142223
What are the prime factors of 4968120194?
2, 647, 3839351
What are the prime factors of 312610668?
2, 3, 26050889
What are the prime factors of 1379747?
23, 239, 251
What are the prime factors of 68138776?
2, 269, 31663
List the prime factors of 96572581.
7, 29, 67961
What are the prime factors of 113774215?
5, 23, 989341
List the prime factors of 3040334106.
2, 3, 181, 613, 4567
What are the prime factors of 2058757?
677, 3041
List the prime factors of 440846502.
2, 3, 7549, 9733
List the prime factors of 21633234.
2, 3, 7, 37, 13921
List the prime factors of 2408824652.
2, 13, 46323551
What are the prime factors of 1015272306?
2, 3, 67, 89, 1051
List the prime factors of 1456746880.
2, 5, 2276167
What are the prime factors of 41843469?
3, 13947823
List the prime factors of 66975229.
66975229
List the prime factors of 33057269.
7, 431, 10957
List the prime factors of 1780088914.
2, 890044457
What are the prime factors of 222314623?
5399, 41177
List the prime factors of 156016820.
2, 5, 17, 23, 71, 281
What are the prime factors of 79212843?
3, 17, 19, 31, 293
List the prime factors of 53542836.
2, 3, 19, 97, 269
List the prime factors of 207856112.
2, 73, 251, 709
What are the prime factors of 79828760?
2, 5, 11, 397, 457
List the prime factors of 44044856.
2, 1259, 4373
List the prime factors of 520620935.
5, 104124187
What are the prime factors of 3039628894?
2, 23, 131, 509, 991
What are the prime factors of 3264663882?
2, 3, 544110647
List the prime factors of 6666453187.
31, 101, 2129177
What are the prime factors of 1670752347?
3, 11, 31, 97, 113, 149
What are the prime factors of 1558125483?
3, 519375161
What are the prime factors of 416243156?
2, 7, 347, 42841
What are the prime factors of 7899873?
3, 2633291
List the prime factors of 40883313.
3, 13627771
What are the prime factors of 146086618?
2, 71, 557, 1847
What are the prime factors of 871307130?
2, 3, 5, 19, 1528609
List the prime factors of 423044064.
2, 3, 131, 11213
What are the prime factors of 88000025?
5, 373, 9437
List the prime factors of 182255695.
5, 19, 761, 2521
List the prime factors of 23849276.
2, 11, 631, 859
What are the prime factors of 1208900441?
7, 19, 9089477
What are the prime factors of 976110592?
2, 941, 1013
List the prime factors of 1305540112.
2, 6823, 11959
What are the prime factors of 535985171?
535985171
List the prime factors of 10777504.
2, 139, 2423
What are the prime factors of 4453533586?
2, 8647, 257519
List the prime factors of 416690794.
2, 13, 317, 3889
List the prime factors of 2893384043.
11, 43, 6117091
List the prime factors of 448157636.
2, 19, 5896811
What are the prime factors of 1652757728?
2, 51648679
What are the prime factors of 269324273?
23, 11709751
What are the prime factors of 261111250?
2, 5, 208889
What are the prime factors of 13669392?
2, 3, 11, 25889
What are the prime factors of 192539781?
3, 7, 1018729
List the prime factors of 2510406864.
2, 3, 7, 17, 47, 1039
List the prime factors of 8506768.
2, 531673
List the prime factors of 19063893.
3, 41, 154991
What are the prime factors of 166285884?
2, 3, 29, 16477
What are the prime factors of 1014732555?
3, 5, 67648837
What are the prime factors of 577663957?
13, 701, 63389
List the prime factors of 595386301.
24251, 24551
List the prime factors of 4439582257.
11, 43, 61, 151, 1019
What are the prime factors of 749624096?
2, 13, 23, 78347
What are the prime factors of 116296472?
2, 1567, 9277
What are the prime factors of 100103143?
7, 14300449
What are the prime factors of 1848567939?
3, 616189313
List the prime factors of 13791236.
2, 53, 65053
What are the prime factors of 373994650?
2, 5, 43, 197, 883
List the prime factors of 3613080.
2, 3, 5, 30109
List the prime factors of 1960128705.
3, 5, 29, 4506043
What are the prime factors of 129446770?
2, 5, 43, 301039
List the prime factors of 1768931190.
2, 3, 5, 13, 503969
List the prime factors of 219415134.
2, 3, 71, 491, 1049
List the prime factors of 45947416.
2, 173, 33199
What are the prime factors of 2094667660?
2, 5, 104733383
List the prime factors of 1410451977.
3, 11, 23, 1858303
What are the prime factors of 1828078865?
5, 47, 2719, 2861
What are the prime factors of 321884368?
2, 13, 1547521
What are the prime factors of 2408014201?
2267, 1062203
List the prime factors of 468868518.
2, 3, 569, 45779
What are the prime factors of 5825822041?
13, 83, 211, 25589
List the prime factors of 25907053.
25907053
List the prime factors of 1824506.
2, 29, 83, 379
What are the prime factors of 1550578803?
3, 271, 1907231
List the prime factors of 674672255.
5, 137, 984923
List the prime factors of 35780411.
35780411
What are the prime factors of 20488488?
2, 3, 853687
List the prime factors of 716577916.
2, 179144479
What are the prime factors of 567773385?
3, 5, 37851559
What are the prime factors of 31242099?
3, 7, 19, 78301
What are the prime factors of 108205557?
3, 5737, 6287
List the prime factors of 1439816392.
2, 7, 617, 5953
List the prime factors of 66882687.
3, 22294229
List the prime factors of 2295354